 List the prime factors of m.
3, 13
Let m(x) = -412*x**3 - x**2 - 1. What are the prime factors of m(-1)?
2, 5, 41
Suppose 0 = 2*u - u - 2*v + 3, -3*v + 12 = 0. Suppose h = x - 7, -4*x + 3 = u*h + 2. What are the prime factors of x?
2
Suppose 2*x - 6*x + 120 = -4*d, -3*d - 4*x - 104 = 0. What are the prime factors of (-1852)/d - 3/(-24)?
2, 29
Suppose -9*v + 29 = 11. Suppose 108 = v*m + 2*m. List the prime factors of m.
3
Suppose 5*x + 2*s + 561 = 2*x, 3*s = 2*x + 387. Let d be (4/(-6))/(18/x). Suppose -r + 11 = -d. What are the prime factors of r?
2, 3
Suppose 0 = f - 2*c - 301, 5*c + 1658 - 138 = 5*f. What are the prime factors of f?
307
Let b(d) = d**2 - 9*d + 7. Let s be b(9). Let t = s + 20. List the prime factors of t.
3
Let k(s) = 3*s**2 + 4*s + 1. Let i be k(3). Suppose -3*o + i = 16. List the prime factors of (-4)/o*(-2 + -2).
2
Let a = 13 + -9. Let i(r) = 8 + a*r + 0*r - 8*r**2 + 2*r - r**3 + r. What are the prime factors of i(-9)?
2, 13
Let i be 37 - (4 + (-9)/3). Suppose 2*s - 3*a + 64 = 0, 9 = -s - 5*a + 3. Let l = i + s. What are the prime factors of l?
2, 5
What are the prime factors of (-4)/(-30) + 1784/120?
3, 5
Suppose -d - 8 = 3*d, -3*r = 5*d + 4. Suppose 2*f - 3*k = -3*f + 596, -3*f - r*k = -369. List the prime factors of f.
11
Let i be ((-30)/35)/(2/(-14)). Suppose 25 = i*m - m. Suppose m*y + 2 = -f + 88, -5*y = 3*f - 208. What are the prime factors of f?
61
Suppose 133 = 4*y - 2*o + 5*o, 68 = 2*y + 2*o. Let l = y + -25. What are the prime factors of l?
2, 3
Suppose 107*v + 2202 = 109*v. What are the prime factors of v?
3, 367
Let f(z) = z + 1038. List the prime factors of f(-70).
2, 11
Let y be 7/42*746 + 1/(-3). Suppose -9*g = -8*g - y. List the prime factors of g.
2, 31
Suppose -4*x + 20 = 0, 2*t + x + 7 = 2. What are the prime factors of (t/(75/(-12)))/(6/240)?
2
Suppose -h - 56 = -71. Suppose -5*t + h = -4*t. List the prime factors of t.
3, 5
Let s(m) = 20*m**3 + m - 2. Let j be s(1). Let w = -18 + j. Suppose -w + 14 = v. What are the prime factors of v?
13
Let u(g) = 2*g**2 + 18*g - 84. List the prime factors of u(7).
2, 5, 7
Let p(f) = -f**3 + 64*f**2 - 73*f + 100. List the prime factors of p(62).
2, 7, 233
Let d(i) = 181*i**3 + 3*i**2 + 4*i - 6. List the prime factors of d(2).
2, 17, 43
Let t be (-11 - 1)*(-24)/(-18). Let h = t + 101. List the prime factors of h.
5, 17
Suppose -v = -5*c - 438 - 631, -2*v = 2*c - 2162. What are the prime factors of v?
13, 83
Suppose 1025 = 14*o - 3231. What are the prime factors of o?
2, 19
Let y = -2 + 0. Let v(n) = 6*n**2 - 3*n + 3. Let o(r) = 13*r**2 - 7*r + 7. Let m(q) = -3*o(q) + 7*v(q). What are the prime factors of m(y)?
2, 3
Let u(n) be the second derivative of n**6/180 + n**5/24 - n**4/8 - n**3 + 5*n. Let f(c) be the second derivative of u(c). What are the prime factors of f(-5)?
2, 11
Suppose -3*w + 11 = 2. What are the prime factors of w/3 - (-42 + -2)?
3, 5
Let g(s) = -s**3 + 5*s**2 - 4*s - 8. Let x be g(7). Let z = -85 - x. What are the prime factors of z?
7
Let a = 91 - -90. Suppose 3*d - 47 = -r, 0*r + 3*r - d = a. What are the prime factors of r?
59
Let c(h) = -h**3 + 3*h**2 + h - 3. Let p be c(3). Suppose -s - 13*s + 42 = 0. Suppose 5*t = -s*l + 40, p*t - 5 = -4*l + 3*t. List the prime factors of l.
5
Let z(x) = x**2 + 7*x - 14. Let r be z(-11). Let t = -26 + r. Suppose 0 = -0*y + 5*y + g - 303, 0 = t*y + 3*g - 249. What are the prime factors of y?
2, 3, 5
Suppose 13*s - 54126 = -9679. List the prime factors of s.
13, 263
List the prime factors of -4*7/((-196)/2219).
317
Suppose 5*n + 5 = 2*n + 2*g, 5*n - 2*g = -7. List the prime factors of (n/2 + 2)*568/6.
2, 71
Suppose h + 132 = 4*h. Suppose h + 16 = 2*c. What are the prime factors of c?
2, 3, 5
Suppose -11*k = -26*k + 32670. List the prime factors of k.
2, 3, 11
Let z(x) be the third derivative of x**4/8 - 10*x**3/3 - 3*x**2. Let d be z(15). Let u = 16 + d. List the prime factors of u.
41
Let s(w) = w**3 + w + 107. Let c be 0/(-1)*(-36)/72. What are the prime factors of s(c)?
107
Let k be 44/10 + 21/35. Suppose -4*p - 12 = 4*w + 52, -2*w = -k*p - 87. Let s = -5 - p. What are the prime factors of s?
2, 3
Let w = 922 + -656. List the prime factors of w.
2, 7, 19
Let q(a) = -a**2 - 9*a + 23. List the prime factors of q(-8).
31
Let g(u) = -24*u + 12. List the prime factors of g(-9).
2, 3, 19
Suppose 9*l + 6*d = 4*d + 37817, 0 = -2*l - 2*d + 8410. What are the prime factors of l?
4201
Suppose -2*v - 2*v = 0. Suppose -y - 12 + 156 = v. Let f = y - 83. List the prime factors of f.
61
Suppose 0 = c - 61 + 58. Suppose -c*g + 300 = 3*g. List the prime factors of g.
2, 5
Let n = 10 + -8. Suppose -4 = -a - 1, 4*g - a + 7 = 0. List the prime factors of (0 - g)/(n/22).
11
Let c(z) = 3*z - 20. Let d be c(8). Suppose -2*w + d = 40. List the prime factors of w/(-5)*20/6.
2, 3
Let w = -5 - -14. Suppose -6*p - 9 = -w*p. Suppose 156 = d + p*d. What are the prime factors of d?
3, 13
List the prime factors of ((-12335)/(-10))/(5/(-60)*-6).
2467
Let v = -3786 + 5789. List the prime factors of v.
2003
Suppose 0 = -2*j + 5*i - 14, 0 = -2*j - 2*i + 7 + 7. Suppose -u - 2*k = -0*u - 151, -j*u + k + 446 = 0. What are the prime factors of u?
149
Let g = 77 - 42. Let m = g + -30. Suppose 0 = -m*a + 8*a - 138. List the prime factors of a.
2, 23
Let l be (-418)/10 + 6/(-30). What are the prime factors of 6/l - (-365)/7?
2, 13
Let w(p) be the third derivative of p**6/120 + p**5/30 + p**4/24 + 5*p**3/6 + p**2. Let o be w(4). Suppose -2*g = 3*g - o. What are the prime factors of g?
3, 7
Let a(h) = 13*h + h - h + 15. List the prime factors of a(9).
2, 3, 11
Let w be (-2)/(-8) - (-330)/(-8). Suppose -46*i - 30 = -43*i. Let v = i - w. List the prime factors of v.
31
Let s be (2 + -4)*(6 + -8). Suppose s*f + 100 = 5*t + 32, 2*t = -3*f + 18. List the prime factors of t.
2, 3
Let j(x) = 2*x**2 + 17*x - 49. What are the prime factors of j(-21)?
2, 7, 17
Let m be (-25)/10*16/(-20) + 275. Let r = -116 + m. What are the prime factors of r?
7, 23
Let r(k) = -86*k + 7. List the prime factors of r(-5).
19, 23
Let m = -137 + 150. Let i(h) be the third derivative of h**6/120 - h**5/5 - h**4/2 - 5*h**3/6 + 2*h**2. What are the prime factors of i(m)?
2
Suppose 2*m + 5 = -7. Let r be 73 + 5/((-10)/m). Let x = r + -51. List the prime factors of x.
5
Let x = 48 - 42. Suppose 859 = x*g + 217. What are the prime factors of g?
107
Let d(s) = 11*s. Let t be d(1). Let q(z) = 15*z + 4. What are the prime factors of q(t)?
13
Let o(w) = -w**3 + w**2 + w + 19. Let q be o(0). Suppose 14*l = q*l - 30. Suppose -2*g = -l - 10. What are the prime factors of g?
2
Let t(l) = 32*l + 4. Suppose -5*n - 20 = 0, -n = -3*i - 3*n + 61. Let f = i + -21. List the prime factors of t(f).
2, 17
Let v(c) = -c**3 - 3*c**2 - 3. Let j be v(-4). Suppose j*z = 8*z + 100. Let w = 99 - z. What are the prime factors of w?
79
Let j = 11 - 11. Suppose j = -2*p + 5 + 19. Suppose -2*s - 2*s = -p. List the prime factors of s.
3
Suppose 4*i - 4863 = -2*m + 2307, -m = 3*i - 5375. What are the prime factors of i?
2, 5, 179
Suppose -128 = -6*o - 20. Let d = 66 - o. What are the prime factors of d?
2, 3
Let d = 612 - 541. List the prime factors of d.
71
Let s(b) = -13*b + 26. Let d(x) = 7*x - 4. Let z be d(-1). What are the prime factors of s(z)?
13
Suppose g - 32 = -3*g. Let b(c) = c - 3. Let w be b(g). Suppose 38 = w*u + k, -4*k + 5 = -7. List the prime factors of u.
7
Let n = -12 + 26. Suppose -13*d - 101 = -n*d. List the prime factors of d.
101
Let i(p) = 5*p**3 - 2*p**2 + 6*p - 3. Let y be i(3). Let z = 263 - y. List the prime factors of z.
131
Suppose 8 = -3*j + 5. List the prime factors of j + (1 + -2)*-58.
3, 19
What are the prime factors of 258 + 9/(-2)*4/6?
3, 5, 17
Let g = 863 + 1810. What are the prime factors of g?
3, 11
Let n(y) = y - 1. Let c(w) = w**3 - 4*w**2 + 4*w - 4. Let o be c(3). Let a be n(o). List the prime factors of (a/4)/(9/(-90)).
5
Let g = 0 + 4. Let z = 13 + g. What are the prime factors of z?
17
Let h(r) = r + 7. Let q be 1*-1 - (-5 + 4). Let d be h(q). Suppose 2*j + j - 11 = 4*f, d = j + 2*f. What are the prime factors of j?
5
Suppose 8*o + 15 = 47. Suppose 0 = -o*l + 55 + 249. List the prime factors of l.
2, 19
Let a(i) = 5*i - 14. Let l be 20/30*(-21)/(-2). What are the prime